{"id":4141,"date":"2024-12-11T18:54:07","date_gmt":"2024-12-11T17:54:07","guid":{"rendered":"https:\/\/humanearbeit.com\/cms\/?page_id=4141"},"modified":"2024-12-11T18:56:21","modified_gmt":"2024-12-11T17:56:21","slug":"datenschutzerklaerung","status":"publish","type":"page","link":"https:\/\/humanearbeit.com\/cms\/datenschutzerklaerung\/","title":{"rendered":"Datenschutz"},"content":{"rendered":"\t\t<div data-elementor-type=\"wp-page\" data-elementor-id=\"4141\" class=\"elementor elementor-4141\">\n\t\t\t\t\t\t<section class=\"elementor-section elementor-top-section elementor-element elementor-element-592bee7 elementor-section-boxed elementor-section-height-default elementor-section-height-default\" data-id=\"592bee7\" data-element_type=\"section\" data-e-type=\"section\">\n\t\t\t\t\t\t<div class=\"elementor-container elementor-column-gap-default\">\n\t\t\t\t\t<div class=\"elementor-column elementor-col-100 elementor-top-column elementor-element elementor-element-6d65f52\" data-id=\"6d65f52\" data-element_type=\"column\" data-e-type=\"column\">\n\t\t\t<div class=\"elementor-widget-wrap elementor-element-populated\">\n\t\t\t\t\t\t<div class=\"elementor-element elementor-element-e6a393c elementor-widget elementor-widget-text-editor\" data-id=\"e6a393c\" data-element_type=\"widget\" data-e-type=\"widget\" data-widget_type=\"text-editor.default\">\n\t\t\t\t<div class=\"elementor-widget-container\">\n\t\t\t\t\t\t\t\t\t<p><strong>Datenschutzerkl\u00e4rung<\/strong><br \/>Wir haben diese Datenschutzerkl\u00e4rung verfasst, um Ihnen gem\u00e4\u00df der Vorgaben der EU-Datenschutz-Grundverordnung zu erkl\u00e4ren, welche Informationen wir sammeln, wie wir Daten verwenden und welche Entscheidungsm\u00f6glichkeiten Sie als Besucher dieser Webseite haben.<\/p><p><span style=\"text-decoration: underline;\">Automatische Datenspeicherung<\/span><br \/>Wenn Sie heutzutage Webseiten besuchen, werden gewisse Informationen automatisch erstellt und gespeichert, so auch auf dieser Webseite.<br \/>Wenn Sie unsere Webseite so wie jetzt gerade besuchen, speichert unser Webserver (Computer auf dem diese Webseite gespeichert ist) automatisch Daten wie die IP-Adresse Ihres Ger\u00e4tes, die Adressen der besuchten Unterseiten, Details zu Ihrem Browser (z.B. Chrome, Firefox, Edge,\u2026) und Datum sowie Uhrzeit. Wir nutzen diese Daten nicht und geben Sie in der Regel nicht weiter, k\u00f6nnen jedoch nicht ausschlie\u00dfen, dass diese Daten beim Vorliegen von rechtswidrigem Verhalten eingesehen werden.<\/p><p><span style=\"text-decoration: underline;\">Speicherung pers\u00f6nlicher Daten<\/span><br \/>Pers\u00f6nliche Daten, die Sie uns auf dieser Website elektronisch \u00fcbermitteln, wie zum Beispiel Name, E-Mail-Adresse, Adresse oder andere pers\u00f6nlichen Angaben im Rahmen der \u00dcbermittlung eines Formulars oder Kommentaren im Blog, werden von uns gemeinsam mit dem Zeitpunkt und der IP-Adresse nur zum jeweils angegebenen Zweck verwendet, sicher verwahrt und nicht an Dritte weitergegeben.<br \/>Wir nutzen Ihre pers\u00f6nlichen Daten somit nur f\u00fcr die Kommunikation mit jenen Besuchern, die Kontakt ausdr\u00fccklich w\u00fcnschen und f\u00fcr die Abwicklung der auf dieser Webseite angebotenen Dienstleistungen und Produkte. Wir geben Ihre pers\u00f6nlichen Daten ohne Zustimmung nicht weiter, k\u00f6nnen jedoch nicht ausschlie\u00dfen, dass diese Daten beim Vorliegen von rechtswidrigem Verhalten eingesehen werden.<br \/>Wenn Sie uns pers\u00f6nliche Daten per E-Mail schicken \u2013 somit abseits dieser Webseite \u2013 k\u00f6nnen wir keine sichere \u00dcbertragung und den Schutz Ihrer Daten garantieren. Wir empfehlen Ihnen, vertrauliche Daten niemals unverschl\u00fcsselt per E-Mail zu \u00fcbermitteln.<\/p><p><span style=\"text-decoration: underline;\">Ihre Rechte<\/span><br \/>Ihnen stehen grunds\u00e4tzlich die Rechte auf Auskunft, Berichtigung, L\u00f6schung, Einschr\u00e4nkung, Daten\u00fcbertragbarkeit, Widerruf und Widerspruch zu. Wenn Sie glauben, dass die Verarbeitung Ihrer Daten gegen das Datenschutzrecht verst\u00f6\u00dft oder Ihre datenschutzrechtlichen Anspr\u00fcche sonst in einer Weise verletzt worden sind, k\u00f6nnen Sie sich bei der Aufsichtsbeh\u00f6rde beschweren. In \u00d6sterreich ist dies die Datenschutzbeh\u00f6rde, deren Webseiten Sie unter https:\/\/www.dsb.gv.at\/ finden.<\/p><p><span style=\"text-decoration: underline;\">Cookies<\/span><br \/>Unsere Website verwendet HTTP-Cookies um nutzerspezifische Daten zu speichern.<br \/>Ein Cookie ist ein kurzes Datenpaket, welches zwischen Webbrowser und Webserver ausgetauscht wird, f\u00fcr diese aber v\u00f6llig bedeutungslos ist und erst f\u00fcr die Webanwendung, z. B. einen Online-Shop, eine Bedeutung erh\u00e4lt, etwa den Inhalt eines virtuellen Warenkorbes.<br \/>Es gibt zwei Arten von Cookies: Erstanbieter-Cookies werden von unserer Website erstellt, Drittanbieter-Cookies werden von anderen Websites (z. B. Google Analytics) erstellt.<br \/>Man unterscheidet drei Kategorien von Cookies: unbedingt notwendige Cookies um grundlegende Funktionen der Website sicherzustellen, funktionelle Cookies um die Leistung der Webseite sicherzustellen und zielorientierte Cookies um das Benutzererlebnis zu verbessern.<br \/>Wir nutzen Cookies, um unsere Webseite nutzerfreundlicher zu gestalten. Einige Cookies bleiben auf Ihrem Endger\u00e4t gespeichert, bis Sie diese l\u00f6schen. Sie erm\u00f6glichen es uns, Ihren Browser beim n\u00e4chsten Besuch wiederzuerkennen.<br \/>Wenn Sie dies nicht w\u00fcnschen, so k\u00f6nnen Sie Ihren Browser so einrichten, dass er Sie \u00fcber das Setzen von Cookies informiert und Sie dies nur im Einzelfall erlauben.<br \/>Sie k\u00f6nnen jederzeit Cookies, die sich bereits auf Ihrem Computer befinden, l\u00f6schen oder Cookies deaktivieren. Die Vorgangsweise dazu ist nach Browser unterschiedlich, am besten Sie suchen die Anleitung in Google mit dem Suchbegriff \u201ecookies l\u00f6schen chrome\u201c oder \u201ecookies deaktivieren chrome\u201c im Falle eines Chrome Browsers oder tauschen das Wort \u201echrome\u201c gegen den Namen Ihres Browsers, z. B. edge, firefox, safari aus.<br \/>Wenn Sie uns generell nicht gestatten, Cookies zu nutzen, d.h. diese per Browsereinstellung deaktivieren, k\u00f6nnen manche Funktionen und Seiten nicht wie erwartet funktionieren.<\/p><p><span style=\"text-decoration: underline;\">LinkedIn Insight-Tag\u00a0<\/span><\/p><p>Auf unserer Website setzen wir das Conversion-Tracking-Tool \u201eLinkedIn Insight-Tag\u201c ein, ein Dienst der LinkedIn Corporation, 2029 Stierlin Court, Mountain View, CA 94043, USA. F\u00fcr Nutzer*innen im Europ\u00e4ischen Wirtschaftsraum (EWR) und der Schweiz ist die LinkedIn Ireland Unlimited Company, Wilton Place, Dublin 2, Irland, datenschutzrechtlich verantwortlich.<\/p><p>Zweck der Verarbeitung: Der Einsatz des LinkedIn Insight-Tags dient der Analyse von Besucher*innenverhalten, um unsere Werbema\u00dfnahmen gezielt zu optimieren. Dadurch k\u00f6nnen wir nachvollziehen, wie Nutzer*innen mit unseren Anzeigen interagieren, welche Kampagnen besonders effektiv sind und wie sich daraus resultierende Handlungen wie Website-Besuche, Downloads oder K\u00e4ufe entwickeln.<\/p><p>Verarbeitete Daten und Funktionsweise: Das LinkedIn Insight-Tag ist ein Conversion-Tracking-Tag, der auf unserer Website eingebunden ist. Beim Besuch unserer Website und Interaktion mit unseren LinkedIn-Anzeigen werden unter anderem folgende Daten verarbeitet: Ihre IP-Adresse, Informationen zu Ihrem Ger\u00e4t und Browser, Zeitstempel und besuchte URLs, Navigations- und Klickverhalten. Wenn Sie Mitglied bei LinkedIn sind und sich eingeloggt haben, k\u00f6nnen auch demografische Informationen (z. B. Branche, Beruf, Standort) aus Ihrem LinkedIn-Profil verarbeitet werden. Diese Daten helfen uns, anonymisierte Berichte \u00fcber Werbeleistungen zu erstellen und unsere Inhalte auf relevante Zielgruppen auszurichten.<\/p><p>Rechtsgrundlage: Die Verarbeitung Ihrer Daten erfolgt ausschlie\u00dflich auf Basis Ihrer Einwilligung gem\u00e4\u00df Art. 6 Abs. 1 lit. a DSGVO, die Sie \u00fcber unser Cookie-Banner erteilen k\u00f6nnen. Dar\u00fcber hinaus verfolgen wir berechtigte Interessen gem\u00e4\u00df Art. 6 Abs. 1 lit. f DSGVO, um unser Angebot und unsere Marketingma\u00dfnahmen zu optimieren.<\/p><p>Speicherdauer und Datenl\u00f6schung: LinkedIn speichert Ihre Daten solange, wie es erforderlich ist, um die angebotenen Dienste bereitzustellen, oder bis Sie Ihre Einwilligung widerrufen.<\/p><p>Ihre Rechte und M\u00f6glichkeiten zur Datenkontrolle: Sie haben das Recht, jederzeit Auskunft \u00fcber Ihre gespeicherten personenbezogenen Daten zu erhalten sowie deren Berichtigung, L\u00f6schung oder Einschr\u00e4nkung der Verarbeitung zu verlangen. Sie k\u00f6nnen der Datenverarbeitung widersprechen und Ihre Einwilligung widerrufen, indem Sie:<\/p><ul><li>Ihre Cookie-Einstellungen in Ihrem Browser anpassen.<\/li><li>In Ihrem LinkedIn-Konto unter \u201eEinstellungen und Datenschutz\u201c Ihre Daten verwalten.<\/li><\/ul><p>Weitere Informationen zur Datenverarbeitung durch LinkedIn finden Sie in der Datenschutzerkl\u00e4rung von LinkedIn unter: <a href=\"https:\/\/www.linkedin.com\/legal\/privacy-policy\">https:\/\/www.linkedin.com\/legal\/privacy-policy<\/a><\/p>\t\t\t\t\t\t\t\t<\/div>\n\t\t\t\t<\/div>\n\t\t\t\t\t<\/div>\n\t\t<\/div>\n\t\t\t\t\t<\/div>\n\t\t<\/section>\n\t\t\t\t<\/div>\n\t\t","protected":false},"excerpt":{"rendered":"<p>Datenschutzerkl\u00e4rungWir haben diese Datenschutzerkl\u00e4rung verfasst, um Ihnen gem\u00e4\u00df der Vorgaben der EU-Datenschutz-Grundverordnung zu erkl\u00e4ren, welche Informationen wir sammeln, wie wir Daten verwenden und welche Entscheidungsm\u00f6glichkeiten Sie als Besucher dieser Webseite haben. Automatische DatenspeicherungWenn Sie heutzutage Webseiten besuchen, werden gewisse Informationen automatisch erstellt und gespeichert, so auch auf dieser Webseite.Wenn Sie unsere Webseite so wie jetzt [&hellip;]<\/p>\n","protected":false},"author":5,"featured_media":0,"parent":0,"menu_order":0,"comment_status":"closed","ping_status":"closed","template":"","meta":{"ocean_post_layout":"","ocean_both_sidebars_style":"","ocean_both_sidebars_content_width":0,"ocean_both_sidebars_sidebars_width":0,"ocean_sidebar":"","ocean_second_sidebar":"","ocean_disable_margins":"enable","ocean_add_body_class":"","ocean_shortcode_before_top_bar":"","ocean_shortcode_after_top_bar":"","ocean_shortcode_before_header":"","ocean_shortcode_after_header":"","ocean_has_shortcode":"","ocean_shortcode_after_title":"","ocean_shortcode_before_footer_widgets":"","ocean_shortcode_after_footer_widgets":"","ocean_shortcode_before_footer_bottom":"","ocean_shortcode_after_footer_bottom":"","ocean_display_top_bar":"default","ocean_display_header":"default","ocean_header_style":"","ocean_center_header_left_menu":"","ocean_custom_header_template":"","ocean_custom_logo":0,"ocean_custom_retina_logo":0,"ocean_custom_logo_max_width":0,"ocean_custom_logo_tablet_max_width":0,"ocean_custom_logo_mobile_max_width":0,"ocean_custom_logo_max_height":0,"ocean_custom_logo_tablet_max_height":0,"ocean_custom_logo_mobile_max_height":0,"ocean_header_custom_menu":"","ocean_menu_typo_font_family":"","ocean_menu_typo_font_subset":"","ocean_menu_typo_font_size":0,"ocean_menu_typo_font_size_tablet":0,"ocean_menu_typo_font_size_mobile":0,"ocean_menu_typo_font_size_unit":"px","ocean_menu_typo_font_weight":"","ocean_menu_typo_font_weight_tablet":"","ocean_menu_typo_font_weight_mobile":"","ocean_menu_typo_transform":"","ocean_menu_typo_transform_tablet":"","ocean_menu_typo_transform_mobile":"","ocean_menu_typo_line_height":0,"ocean_menu_typo_line_height_tablet":0,"ocean_menu_typo_line_height_mobile":0,"ocean_menu_typo_line_height_unit":"","ocean_menu_typo_spacing":0,"ocean_menu_typo_spacing_tablet":0,"ocean_menu_typo_spacing_mobile":0,"ocean_menu_typo_spacing_unit":"","ocean_menu_link_color":"","ocean_menu_link_color_hover":"","ocean_menu_link_color_active":"","ocean_menu_link_background":"","ocean_menu_link_hover_background":"","ocean_menu_link_active_background":"","ocean_menu_social_links_bg":"","ocean_menu_social_hover_links_bg":"","ocean_menu_social_links_color":"","ocean_menu_social_hover_links_color":"","ocean_disable_title":"default","ocean_disable_heading":"default","ocean_post_title":"","ocean_post_subheading":"","ocean_post_title_style":"","ocean_post_title_background_color":"","ocean_post_title_background":0,"ocean_post_title_bg_image_position":"","ocean_post_title_bg_image_attachment":"","ocean_post_title_bg_image_repeat":"","ocean_post_title_bg_image_size":"","ocean_post_title_height":0,"ocean_post_title_bg_overlay":0.5,"ocean_post_title_bg_overlay_color":"","ocean_disable_breadcrumbs":"default","ocean_breadcrumbs_color":"","ocean_breadcrumbs_separator_color":"","ocean_breadcrumbs_links_color":"","ocean_breadcrumbs_links_hover_color":"","ocean_display_footer_widgets":"default","ocean_display_footer_bottom":"default","ocean_custom_footer_template":"","footnotes":""},"class_list":["post-4141","page","type-page","status-publish","hentry","entry"],"_links":{"self":[{"href":"https:\/\/humanearbeit.com\/cms\/wp-json\/wp\/v2\/pages\/4141","targetHints":{"allow":["GET"]}}],"collection":[{"href":"https:\/\/humanearbeit.com\/cms\/wp-json\/wp\/v2\/pages"}],"about":[{"href":"https:\/\/humanearbeit.com\/cms\/wp-json\/wp\/v2\/types\/page"}],"author":[{"embeddable":true,"href":"https:\/\/humanearbeit.com\/cms\/wp-json\/wp\/v2\/users\/5"}],"replies":[{"embeddable":true,"href":"https:\/\/humanearbeit.com\/cms\/wp-json\/wp\/v2\/comments?post=4141"}],"version-history":[{"count":5,"href":"https:\/\/humanearbeit.com\/cms\/wp-json\/wp\/v2\/pages\/4141\/revisions"}],"predecessor-version":[{"id":4151,"href":"https:\/\/humanearbeit.com\/cms\/wp-json\/wp\/v2\/pages\/4141\/revisions\/4151"}],"wp:attachment":[{"href":"https:\/\/humanearbeit.com\/cms\/wp-json\/wp\/v2\/media?parent=4141"}],"curies":[{"name":"wp","href":"https:\/\/api.w.org\/{rel}","templated":true}]}}